ndred thousands digit of 1768943195?
9
What is the hundred thousands digit of 1736459599?
4
What is the hundreds digit of 9088863?
8
What is the ten millions digit of 26840661?
2
What is the hundreds digit of 356654682?
6
What is the tens digit of 3023917999?
9
What is the billions digit of 2162050323?
2
What is the ten millions digit of 748320777?
4
What is the hundred thousands digit of 1771105698?
1
What is the hundred thousands digit of 974512030?
5
What is the thousands digit of 36888860?
8
What is the hundreds digit of 54401012?
0
What is the hundreds digit of 15156959?
9
What is the hundred thousands digit of 36704608?
7
What is the ten millions digit of 873777023?
7
What is the hundred thousands digit of 523938229?
9
What is the thousands digit of 385031192?
1
What is the hundreds digit of 31326844?
8
What is the hundreds digit of 8136766?
7
What is the hundred millions digit of 1968503839?
9
What is the thousands digit of 5854701820?
1
What is the units digit of 116122073?
3
What is the hundred thousands digit of 169956535?
9
What is the millions digit of 43213798?
3
What is the ten thousands digit of 94618388?
1
What is the hundreds digit of 2401108748?
7
What is the ten millions digit of 2647586661?
4
What is the hundred thousands digit of 372735708?
7
What is the hundred millions digit of 113446061?
1
What is the hundred millions digit of 181573625?
1
What is the hundred thousands digit of 36878430?
8
What is the units digit of 15496419?
9
What is the tens digit of 1111429140?
4
What is the ten thousands digit of 1787293519?
9
What is the tens digit of 288214003?
0
What is the hundred thousands digit of 1525214?
5
What is the ten thousands digit of 1630491922?
9
What is the hundreds digit of 8519354?
3
What is the millions digit of 35644558?
5
What is the units digit of 48705792?
2
What is the units digit of 30004429?
9
What is the hundred thousands digit of 2489852430?
8
What is the hundreds digit of 97302709?
7
What is the hundreds digit of 542142583?
5
What is the tens digit of 141808117?
1
What is the tens digit of 821840745?
4
What is the hundred thousands digit of 50200732?
2
What is the tens digit of 36913574?
7
What is the ten thousands digit of 1094170671?
7
What is the hundred thousands digit of 2362156178?
1
What is the hundreds digit of 319887778?
7
What is the hundred millions digit of 1409169190?
4
What is the millions digit of 315922280?
5
What is the hundreds digit of 3818764243?
2
What is the ten thousands digit of 854741582?
4
What is the hundred millions digit of 2794089660?
7
What is the hundreds digit of 95685938?
9
What is the hundred thousands digit of 292743613?
7
What is the ten thousands digit of 1094813997?
1
What is the hundred thousands digit of 799073450?
0
What is the billions digit of 1661646259?
1
What is the ten millions digit of 74356952?
7
What is the tens digit of 7735768?
6
What is the thousands digit of 457198353?
8
What is the hundreds digit of 634874959?
9
What is the millions digit of 12665666?
2
What is the ten thousands digit of 1145605177?
0
What is the hundreds digit of 54361936?
9
What is the tens digit of 92991739?
3
What is the ten thousands digit of 544697700?
9
What is the hundreds digit of 65689157?
1
What is the hundred thousands digit of 85938974?
9
What is the thousands digit of 26015479?
5
What is the millions digit of 2232119272?
2
What is the ten millions digit of 4474643302?
7
What is the ten millions digit of 1406157944?
0
What is the ten thousands digit of 182395872?
9
What is the hundred millions digit of 192200069?
1
What is the billions digit of 4643528346?
4
What is the millions digit of 96199982?
6
What is the units digit of 2890289071?
1
What is the units digit of 178649251?
1
What is the hundred thousands digit of 7923583771?
5
What is the hundreds digit of 33636137?
1
What is the hundred thousands digit of 2248032814?
0
What is the millions digit of 2075274692?
5
What is the hundred thousands digit of 655228839?
2
What is the units digit of 78621082?
2
What is the millions digit of 176769194?
6
What is the thousands digit of 1537532128?
2
What is the ten millions digit of 46776498?
4
What is the tens digit of 14617108?
0
What is the hundred millions digit of 4430798473?
4
What is the hundred thousands digit of 1448256188?
2
What is the tens digit of 2397904695?
9
What is the hundred millions digit of 1444851676?
4
What is the ten thousands digit of 5970735226?
3
What is the ten thousands digit of 687427556?
2
What is the millions digit of 1085495367?
5
What is the hundred thousands digit of 20209103?
2
What is the ten thousands digit of 1986994?
8
What is the hundred thousands digit of 4561812289?
8
What is the hundreds digit of 118633057?
0
What is the ten thousands digit of 151145841?
4
What is the ten thousands digit of 39663340?
6
What is the hundreds digit of 312000614?
6
What is the tens digit of 279974176?
7
What is the millions digit of 38040214?
8
What is the hundreds digit of 191894600?
6
What is the units digit of 5714102442?
2
What is the billions digit of 1137212288?
1
What is the ten thousands digit of 29176509?
7
What is the hundreds digit of 827585686?
6
What is the ten millions digit of 128011552?
2
What is the hundred thousands digit of 85351514?
3
What is the thousands digit of 411269169?
9
What is the tens digit of 811226085?
8
What is the thousands digit of 69057486?
7
What is the tens digit of 82764746?
4
What is the ten thousands digit of 14356349?
5
What is the hundred thousands digit of 801115582?
1
What is the hundred millions digit of 2594820833?
5
What is the units digit of 37218796?
6
What is the tens digit of 2910619192?
9
What is the hundred thousands digit of 5956094859?
0
What is the units digit of 34013306?
6
What is the millions digit of 52755950?
2
What is the units digit of 128159187?
7
What is the units digit of 1116840437?
7
What is the hundred millions digit of 836981985?
8
What is the tens digit of 901647698?
9
What is the millions digit of 163394982?
3
What is the thousands digit of 302187202?
7
What is the units digit of 1965694138?
8
What is the units digit of 65134276?
6
What is the hundred millions digit of 191915012?
1
What is the units digit of 36433050?
0
What is the thousands digit of 1460137825?
7
What is the ten millions digit of 453475440?
5
What is the hundreds digit of 117468783?
7
What is the hundreds digit of 1315811299?
2
What is the ten millions digit of 286419679?
8
What is the hundreds digit of 672760534?
5
What is the ten thousands digit of 87652420?
5
What is the ten millions digit of 43653759?
4
What is the ten millions digit of 280371043?
8
What is the tens digit of 208936314?
1
What is the hundred thousands digit of 244025218?
0
What is the hundred thousands digit of 29295736?
2
What is the ten thousands digit of 65458446?
5
What is the tens digit of 87802565?
6
What is the millions digit of 127741817?
7
What is the units digit of 130216259?
9
What is the thousands digit of 465049157?
9
What is the units digit of 187356560?
0
What is the tens digit of 1478040154?
5
What is the billions digit of 1023829680?
1
What is the millions digit of 232202040?
2
What is the thousands digit of 277902059?
2
What is the hundred millions digit of 7083751028?
0
What is the millions digit of 81066530?
1
What is the millions digit of 32346411?
2
What is the millions digit of 373234779?
3
What is the hundred millions digit of 666048186?
6
What is the thousands digit of 273805916?
5
What is the ten millions digit of 95028370?
9
What is the ten millions digit of 134587341?
3
What is the hundreds digit of 61052930?
9
What is the millions digit of 49527970?
9
What is the millions digit of 374428911?
4
What is the hundred thousands digit of 606065078?
0
What is the tens digit of 4738883646?
4
What is the hundred millions digit of 371822445?
3
What is the hundreds digit of 5024085947?
9
What is the hundred thousands digit of 522905907?
9
What is the hundred millions digit of 1116454044?
1
What is the ten millions digit of 2026871057?
2
What is the ten thousands digit of 480130330?
3
What is the units digit of 62277019?
9
What is the ten millions digit of 2996883894?
9
What is the tens digit of 5625793?
9
What is the tho